rime factors of 4645948435.
5, 5849, 158863
What are the prime factors of 129196376?
2, 16149547
What are the prime factors of 2046198404?
2, 17, 23, 179, 7309
What are the prime factors of 243848420?
2, 5, 12192421
List the prime factors of 230486307.
3, 179, 429211
List the prime factors of 33070060.
2, 5, 1653503
List the prime factors of 134681643.
3, 4988209
List the prime factors of 2352757346.
2, 19, 61914667
List the prime factors of 291518547.
3, 97172849
List the prime factors of 5080656066.
2, 3, 846776011
List the prime factors of 156860827.
19, 263, 31391
List the prime factors of 32282279.
47, 73, 97
List the prime factors of 100367163.
3, 13, 857839
What are the prime factors of 29432352?
2, 3, 306587
List the prime factors of 2383714137.
3, 7, 199, 570403
List the prime factors of 163297532.
2, 389, 104947
What are the prime factors of 35784666?
2, 3, 29, 2539
What are the prime factors of 6986084451?
3, 73, 229, 139301
List the prime factors of 84624231.
3, 59, 113, 4231
List the prime factors of 217906834.
2, 227, 479971
List the prime factors of 4686863.
19, 12983
What are the prime factors of 1043583134?
2, 11, 71, 60737
List the prime factors of 368055780.
2, 3, 5, 17, 73, 4943
List the prime factors of 1226986073.
1226986073
What are the prime factors of 75278255?
5, 13, 41, 47, 601
What are the prime factors of 686852426?
2, 13, 191, 138311
List the prime factors of 29001389.
1097, 26437
List the prime factors of 66851779.
31, 59, 36551
What are the prime factors of 78927251?
13, 97, 62591
What are the prime factors of 180159414?
2, 3, 23, 31, 1831
What are the prime factors of 104391223?
233, 448031
What are the prime factors of 2384952140?
2, 5, 31, 124087
List the prime factors of 36325495.
5, 193, 37643
List the prime factors of 56038498.
2, 29, 37, 26113
List the prime factors of 6763052401.
7, 966150343
What are the prime factors of 120888622?
2, 60444311
What are the prime factors of 34243553?
1171, 29243
What are the prime factors of 508701732?
2, 3, 7, 11, 78649
What are the prime factors of 529725112?
2, 7, 1019, 9283
List the prime factors of 742287339.
3, 82476371
List the prime factors of 2622419307.
3, 1229, 2927
List the prime factors of 51614729.
79, 241, 2711
What are the prime factors of 632563908?
2, 3, 41, 1285699
What are the prime factors of 3341453899?
7, 709, 673273
List the prime factors of 1223807193.
3, 7, 61, 67, 97
What are the prime factors of 1513861757?
631, 743, 3229
What are the prime factors of 1719568600?
2, 5, 8597843
List the prime factors of 62206442.
2, 181, 239, 719
What are the prime factors of 46675153?
7, 19, 350941
What are the prime factors of 49307480?
2, 5, 17, 59, 1229
What are the prime factors of 315418389?
3, 11, 13, 23, 2459
What are the prime factors of 1129673654?
2, 179, 3155513
What are the prime factors of 1068237029?
31, 239, 4651
List the prime factors of 10316305.
5, 23, 109, 823
What are the prime factors of 276803632?
2, 7, 2471461
List the prime factors of 2022723452.
2, 227, 2227669
List the prime factors of 17686466.
2, 7, 1263319
List the prime factors of 190159081.
7, 229, 313, 379
List the prime factors of 2129162972.
2, 59, 9021877
What are the prime factors of 242991119?
7, 34713017
What are the prime factors of 12815651?
29, 457, 967
List the prime factors of 541446096.
2, 3, 89, 126743
List the prime factors of 46124254.
2, 11, 397, 5281
What are the prime factors of 130995321?
3, 1021, 42767
What are the prime factors of 68902811?
29, 1171, 2029
List the prime factors of 39465366.
2, 3, 6577561
List the prime factors of 2190865743.
3, 11, 22129957
List the prime factors of 94567333.
7, 13509619
What are the prime factors of 113340157?
7, 16191451
List the prime factors of 48187748.
2, 7, 1720991
List the prime factors of 62581019.
62581019
What are the prime factors of 329560784?
2, 7, 53, 59, 941
What are the prime factors of 45911640?
2, 3, 5, 29, 79, 167
List the prime factors of 85694860.
2, 5, 4284743
List the prime factors of 4230473.
13, 325421
List the prime factors of 3082121.
7, 440303
List the prime factors of 2767819548.
2, 3, 13, 269, 65957
What are the prime factors of 1503043245?
3, 5, 11, 276041
What are the prime factors of 85817760?
2, 3, 5, 7, 25541
List the prime factors of 306195030.
2, 3, 5, 661, 5147
List the prime factors of 1226169304.
2, 3257, 47059
What are the prime factors of 1406349346?
2, 703174673
List the prime factors of 832766230.
2, 5, 839, 99257
List the prime factors of 8105088250.
2, 5, 7, 4631479
List the prime factors of 8837973.
3, 257, 3821
List the prime factors of 86948338.
2, 4831, 8999
List the prime factors of 40076735.
5, 17, 37, 12743
List the prime factors of 135025140.
2, 3, 5, 2250419
List the prime factors of 215442935.
5, 331, 349, 373
List the prime factors of 142506931.
7, 20358133
What are the prime factors of 10559627?
13, 62483
What are the prime factors of 24038243?
23, 73, 103, 139
What are the prime factors of 1406429653?
79, 3989, 4463
What are the prime factors of 3410956941?
3, 7, 162426521
List the prime factors of 1087900.
2, 5, 11, 23, 43
List the prime factors of 401377360.
2, 5, 73, 68729
What are the prime factors of 83555507?
7, 53, 225217
What are the prime factors of 1298838472?
2, 162354809
List the prime factors of 103454700.
2, 3, 5, 67, 5147
What are the prime factors of 741144547?
11, 13, 5182829
What are the prime factors of 247982391?
3, 41, 89, 839
What are the prime factors of 960815485?
5, 7, 27451871
What are the prime factors of 63568842?
2, 3, 59, 179573
List the prime factors of 179474325.
3, 5, 2392991
What are the prime factors of 799647784?
2, 13, 7688921
List the prime factors of 18474414.
2, 3, 7, 439867
List the prime factors of 3772682049.
3, 4871, 258173
What are the prime factors of 28571114?
2, 11, 13, 283, 353
What are the prime factors of 161007459?
3, 17, 31, 101839
List the prime factors of 785355930.
2, 3, 5, 23, 379399
List the prime factors of 453811792.
2, 7, 4051891
List the prime factors of 446286515.
5, 4373, 20411
List the prime factors of 1694993754.
2, 3, 37, 2053, 3719
What are the prime factors of 670450246?
2, 29, 277, 1439
List the prime factors of 2244180677.
2244180677
List the prime factors of 48202693.
7, 11, 626009
What are the prime factors of 306824825?
5, 19, 31, 67, 311
What are the prime factors of 1353891673?
653, 1031, 2011
What are the prime factors of 104629936?
2, 6539371
What are the prime factors of 3353122906?
2, 7, 5741, 41719
What are the prime factors of 98287003?
29, 881, 3847
What are the prime factors of 4900300113?
3, 419, 3898409
List the prime factors of 252483447.
3, 79, 1065331
What are the prime factors of 7702832?
2, 431, 1117
List the prime factors of 785301959.
13, 199, 401, 757
What are the prime factors of 48723627?
3, 107, 151787
List the prime factors of 211664071.
443, 477797
List the prime factors of 2735234178.
2, 3, 3467, 131489
What are the prime factors of 123959029?
23, 233, 23131
What are the prime factors of 2327989862?
2, 11, 331, 319691
List the prime factors of 450590369.
41, 268049
List the prime factors of 56388802.
2, 28194401
What are the prime factors of 3161880406?
2, 19001, 83203
What are the prime factors of 602668666?
2, 17, 3271, 5419
What are the prime factors of 11076446?
2, 5538223
List the prime factors of 252309077.
29, 1117, 7789
What are the prime factors of 50925690?
2, 3, 5, 37, 41, 373
What are the prime factors of 75617889?
3, 25205963
What are the prime factors of 765679039?
23, 1783, 18671
What are the prime factors of 232981336?
2, 7, 4160381
List the prime factors of 35482098.
2, 3, 199, 29717
List the prime factors of 44326202.
2, 19, 1166479
What are the prime factors of 210648080?
2, 5, 2633101
What are the prime factors of 33545736?
2, 3, 7, 101, 659
What are the prime factors of 5058423428?
2, 19, 66558203
List the prime factors of 3414356547.
3, 7, 479, 339433
What are the prime factors of 183827274?
2, 3, 3467, 8837
What are the prime factors of 5297884793?
97, 54617369
What are the prime factors of 1799269895?
5, 359853979
List the prime factors of 48356066.
2, 11, 2198003
What are the prime factors of 147753596?
2, 17, 2172847
List the prime facto